-74)) + (-20 + 1 - -58)?
40
What is 14 - 57 - ((3 - 23) + 37 + -1)?
-59
Evaluate -49 + -32 + 39 + -27.
-69
(-149 - 3) + (3 - (-43 - -14))
-120
Calculate 31 + (-60 - (37 + -101)).
35
Evaluate 0 + 7 - 5 - (-58 - (-5 + 18 - 1)).
72
What is the value of 344 - 191 - 145 - (1 + 1 + -5 + 64)?
-53
Calculate (-5 - 5 - -11) + 1 + 4 + (-227 - -180).
-41
Calculate -28 + 79 + -30 + -36 + 2 + 1.
-12
Calculate (0 - -40) + -1 + (-108 - 42).
-111
Evaluate 12 + -7 - (-8 - -3) - (-136 - -167).
-21
What is the value of 1050 - 929 - (6 + 51)?
64
(-125 - -108) + 24 + -1 - 0
6
Calculate (-3 - 3) + -45 + (-1 - (5 + 0)) + -2.
-59
Calculate (-85 - -41) + 76 + 4 + 7.
43
1 - 23 - (-724 - -741) - -15
-24
What is (-410 - -421) + 1 + 8?
20
Evaluate -16 + (27 - (-19 - -20)) + 21.
31
What is the value of -22 + 48 - ((-14 - 40) + 56)?
24
Calculate 0 + -43 + (37 - 37 - (-47 - -31)).
-27
What is -3 - -1 - (1 + 36)?
-39
Evaluate (-18 - (-8 - 30)) + (14 - -3).
37
Evaluate 3 + 2 - (-14 + 13) - (-21 - -23 - -62).
-58
What is the value of -3 + (-1 - 15) + (16 - 43 - -30)?
-16
Evaluate (2 - 12) + (-40 - 89) + 86.
-53
Calculate 4357 - 4411 - (-1 - 90).
37
Calculate -19 + (47 - -22) + -21 + 35.
64
What is -99 + (9 - 3) + -5 + 11?
-87
What is -26 - 4 - (4 - 5)?
-29
What is the value of 13 - (9 + -13 + 42 + -18)?
-7
What is -51 + 22 + -21 + 27 + (114 - 1)?
90
74 + -18 + (-1 - 51)
4
What is the value of 1 - ((-12 - (-15 - -11)) + 15) - 0?
-6
What is 22 - (57 - 19) - (-7 + 4 + 24)?
-37
Evaluate 47 - 2 - (-17120 + 17128).
37
What is the value of (-128 - -36) + 257 + -38?
127
Evaluate ((7 - -7) + 2 - (9 + -5)) + -89.
-77
Evaluate 107 + 19 + -122 - -9.
13
Evaluate -14 + 6 + (0 - -8) - (49 - 14).
-35
Calculate 23 - 5 - (360 - 384).
42
What is 110 - (-47 + (-83 - -304))?
-64
16 - (-109 - (-138 - -129))
116
Evaluate 7 + -13 - (-37 + (4 - 7)).
34
What is -22 + (307 - (132 + 23))?
130
What is -1 - (-3 + -3 - (12 - 20)) - (48 - 43)?
-8
-74 - 0 - (-3054 - -3011)
-31
Evaluate (0 - 1) + -32 + -2237 + 2235.
-35
Calculate (1309 - 1247) + (-41 - 4).
17
What is -1819 + 1719 + (5 - 3)?
-98
Calculate (19 - -25) + (-64 - 76) + 0 + -11.
-107
What is the value of -8 + -68 + 46 + -2 + 44?
12
Evaluate (0 - 3) + -15 - (16 + -51 - -53).
-36
What is 386 + -338 - (30 - 3)?
21
Evaluate (-1 - -112) + -4956 + 4913.
68
What is (5 + 3 - -18) + 46 + -81?
-9
Calculate (-6952 - -7051) + (2 - 109).
-8
Evaluate (24397 - 24511) + 2 + 6 + -2.
-108
Calculate -32 + (-26 + 6 + 51 - 7).
-8
What is the value of 92 - (-15 + 17) - 113?
-23
Calculate -16 + -9 + 16 + 20 + (19 - 139).
-109
What is (-22 - -113 - 78 - (-1 - (-1 - 0))) + -9?
4
Calculate 899 - 902 - (0 + -8).
5
Calculate 41 + -73 + 85 + (6 - -19).
78
What is the value of 107 + -171 - -121 - (1 + (3 - 2) - 13)?
68
Calculate 9 + 63 + -174 + 71.
-31
What is the value of -2 - (-85 - (-1 + 2 + -27))?
57
What is the value of 20 + ((11 - 0) + -12 - 15)?
4
Calculate 140 - (24 + -130 + 139).
107
Calculate 0 + 37 - (-15 - (-106 - -108)).
54
Calculate (83 - 1 - 104) + 2 + -56 + 1.
-75
Calculate (51 - (58 + -2)) + 43.
38
Calculate (-4 - -17 - (1 + 14)) + (-7 - 75).
-84
What is 2 - -77 - ((-60 - -25) + -6 + 44)?
76
What is 944 + -511 + -442 - (3 + (0 - -1) + -2)?
-11
What is the value of 42 + 15 + 6 + 19 + -43 + 2?
41
What is (-7 - -7) + 6 + -5 - (6 + -26)?
21
What is -10181 - -10110 - (-139 - -2)?
66
What is the value of (-98 - (-5 + 8 + (1 - 9))) + -469 + 476?
-86
Calculate 2 + 18 + (6 - 1) + 25 + (-29 - 3).
18
-67 - (-17 - 5 - -4)
-49
What is the value of -62 - (-29 - -16 - -16 - (2 - 12))?
-75
34 - -5 - ((17 + -13 - -10) + -8)
33
What is the value of 39 - (-8 + 36 - 7) - 34?
-16
Evaluate (3 - -1) + (-15 - -61 - (49 - 91)).
92
What is -35 + -1 + (26 - (-6 + 9 - -18))?
-31
Calculate -26 + -1 + -7 - (59 + -66 - 11).
-16
2 - (-3 + 9) - (20 - -3 - -52)
-79
Evaluate -52 + -2 + 0 - 2 - (2636 + -2650).
-42
What is (20 + -3 - 25) + -5 + -9 + 8 + 4?
-10
Evaluate 37 + (-83 - 25) - -8.
-63
-300 + -97 + 393 - (0 + -27)
23
What is the value of 42 + 36 + -9 + (20 - 26)?
63
What is 105 - 164 - (-1 - 3 - -2)?
-57
What is -26 + 24 + 0 + 4 + 20?
22
What is the value of -1 + -7 + -83 + 1 + (-71 - -49 - -33)?
-79
-26 + 45 + (22 - 18)
23
-12 + 51 + -38 + -75 + 0 + 5
-69
What is (24 + -17 - 44) + (30 - 21) + 9?
-19
What is (2 - -12 - 89) + (-14 - -2 - (-26 + 23))?
-84
60 - (-1 + (0 + 5 + 5 - (7 + -1)))
57
What is the value of -52 + -3 + 6 + -4 + (-11 - (-31 + 22))?
-55
Evaluate (-67 - (-32 - 11)) + -23.
-47
What is the value of -63 - ((-53 - -30) + 1 + (0 - -2) + 8)?
-51
Evaluate (22 - (-9 - -54) - -11) + 40.
28
Calculate (49 + -89 + 32 - (2 + -76)) + -12.
54
8 + 2 + 1 + -1 + 4 - (611 - 601)
4
What is the value of 201 + -222 - (-2 - -26)?
-45
53 - 49 - 47 - -43 - (-1 + 66)
-65
40 + 20 + 4 + -91
-27
Evaluate 0 + 25 + (55 - (-39 + 107)).
12
What is (3 - -18) + (293 - 322)?
-8
Evaluate -35 - 1 - (-35 - (-34 + (-9 - 3))).
-47
What is 11 - 70 - ((-4 - (13 - 22)) + -17)?
-47
What is the value of 18 + 57 + -48 - 36?
-9
Evaluate 14 + 0 + 0 - (52 + -24 - (56 - 12)).
30
What is the value of (20 - (-10 + 153 + 3)) + 25 + 9?
-92
Calculate 74 + 103 + -121 - 124.
-68
What is (38 + 0 - 26) + (-9 - 2) + -3?
-2
Calculate -101 + (-64 - -112) + 48.
-5
Calculate 9 - -19 - (8 + 2 - -8 - 1).
11
Calculate (3 + -6 - -12) + (1 + 6 - (-1 - -14)).
3
What is -49 + 69 + (-15 - -46)?
51
What is (48 - (18 + 26 + -17)) + 2?
23
-180 - -82 - -32 - -60
-6
Evaluate 31 + -58 + -12 + 23.
-16
What is the value of 2127 + -2175 + (26 - -2)?
-20
What is the value of (25 - -77 - 106) + 49 + -1?
44
Evaluate -16 + 1 + 1291 + -1309.
-33
What is the value of (13 + -2 - 0) + -5330 + 5324?
5
What is the value of -27 + 17 + (-6 - 2) + (-49 - -30)?
-37
Evaluate -2 + (47 - (-7 - -4)) + (115 - (-39 - -146)).
56
-51 - (15 - 51) - (-9 - -34)
-40
Evaluate -37 + -58 + 39 + 11.
-45
Calculate -810 + 857 + -60 + -2.
-15
What is the value of 7 + -29 + 8 + 1 + (12 - -8)?
7
What is the value of (2 - (-2 + -39)) + (558 - 566)?
35
What is 38 - (-10 + (49 - 31))?
30
Evaluate -11 + (6 + 4 - (7 + -7 + -43)).
42
What is the value of 15 + -3 + (11 - 14) + 15 + -30 - 78?
-84
What is -59 - ((-8 - -47) + -140)?
42
65 - 7 - (-237 + 282) - (105 - 1)
-91
What is 80 + (57 - 53) + -26?
58
8 - ((-3 - 71) + 97 + -83 + (-2 - 2))
72
4 + 30 + (10 - -13) + 7
64
(-8 - (22 - (-9 + 20))) + -14
-33
What is the value of 22 + -1 + ((-2 - 14) + 24 - 4)?
25
Calculate 11 + (-12 - (15 - (10 + 14))) + 95.
103
What is the value of 3 + ((-26 - -30) + -31 - 32)?
-56
Evaluate 112 + 14 + -54 + (-10 + -11 - -10).
61
(-44 - (7 + 8 + -11) - -15) + 4
-29
What is (27 - (105 + 10)) + 108?
20
What is the value of -4 - (41 - (-14 - -11)) - (-13 - 0)?
-35
What is the value of 60 + -10 + (-170 - -98)?
-22
Evaluate (12 - 33) + -53 + -1 + -13 + 27.
-61
What is 100 - 113 - (9 - (1 + -1) - 9)?
-13
What is 82 + -9 + (-35 - (2 - (8 - -17)))?
61
-69 - (104 + -130 - -1)
-44
Calculate (2 - 0 - -79) + (-116 - -10) + 86.
61
-1438 - -1343 - (-6 + -2)
-87
Evaluate 19 + 0 + -27 + (31 - (-30 - -36)).
17
What is -39 - ((3 - -38) + -28)?
-52
What is (1 - -3) + (6 + 70 + -13 - 29)?
38
What is the value of 27 + -21 - -16 - 27 - (0 + 5)?
-10
What is 49 + -3 + (-14 - (146 - 134))?
20
What is the value of (1 - 3 - -72) + (-19 - -14) + -18?
47
What is 18 - ((-58 - -58) + -1 + 9) - -68?
78
10 + (12 - (31 - (-21 + 6)))
-24
What is the value of 30 + (-105 - -3) + (0 - 39)?
-111
What is the value of -51 + (-43 + 30 - (2 + 4 - (-2 + 19)))?
-53
Evaluate 3 - (14 - (-37 - -79)).
31
What is the value of 0 - (-27 - 1) - (4480 + -4480)?
28
What is the value of (52 - 7) + 2 + 72 + -83 + 0 + 9?
45
What is -10 + (0 + 16 - 3 - (21 + 1) - -32)?
13
Calculate -39 + (-10 + 11 - (-18 + -116)).
96
What is 341 + -329 + 2 + -22 + 1?
-7
(-41 - -30) + 0 + -2 + -1 + 13
-1
Calculate -33 - (-61 + 55 + (1 - (1 - 22))).
-49
Evaluate (-11 - 0) + -853 + 880 + -73.
-57
Calculate -58 + 7 + (8 - 13) + 31.
-25
Evaluate 40 - 4 - ((-12 - 7) + 97).
-42
What is the value of 42 + -35 - (45 - 1)?
-37
What is the value of -9 - (-5 - -26 - 0)?
-30
0 - ((-52 - -38) + 4 + 5 - -61)
-56
Calculate (-12 + 15 - 10) + (-3 - (-2 + 9)).
-17
What is the value of 33 + 3 + (222 - 268)?
-10
What is the value of 52 + 0 - 1 - (-62 + 83 - 18)?
48
Evaluate 4198 + -4228 - (-16 - -4).
-18
What i